{"id":40,"date":"2021-04-21T16:54:30","date_gmt":"2021-04-21T14:54:30","guid":{"rendered":"https:\/\/www.antaldent.sk\/stomatologia\/?page_id=40"},"modified":"2023-06-05T09:10:38","modified_gmt":"2023-06-05T07:10:38","slug":"kontakt","status":"publish","type":"page","link":"https:\/\/www.antaldent.sk\/stomatologia\/?page_id=40","title":{"rendered":"Kontakt"},"content":{"rendered":"\n<div class=\"wp-block-media-text alignwide is-stacked-on-mobile\"><figure class=\"wp-block-media-text__media\"><img loading=\"lazy\" decoding=\"async\" width=\"278\" height=\"377\" src=\"https:\/\/www.antaldent.sk\/stomatologia\/wp-content\/uploads\/2021\/04\/kontakt1.jpg\" alt=\"\" class=\"wp-image-41 size-full\" srcset=\"https:\/\/www.antaldent.sk\/stomatologia\/wp-content\/uploads\/2021\/04\/kontakt1.jpg 278w, https:\/\/www.antaldent.sk\/stomatologia\/wp-content\/uploads\/2021\/04\/kontakt1-221x300.jpg 221w\" sizes=\"auto, (max-width: 278px) 100vw, 278px\" \/><\/figure><div class=\"wp-block-media-text__content\">\n<p><strong>Ambulancia sa nach\u00e1dza na pr\u00edzem\u00ed,<br>v \u017eltom 8 \u2013 poschodovom dome oproti Domu kult\u00fary<\/strong>.<\/p>\n\n\n\n<p>Pod z\u00e1hradami 64<br>84102 Bratislava<\/p>\n\n\n\n<p>tel.: 6446 1809<\/p>\n\n\n\n<p>mobil:+421-911-978-458<\/p>\n\n\n\n<p>GPS s\u00faradnice:<br>48\u00b0 11\u2032 17,49\u2033 N<br>17\u00b0 2\u2032 5.42\u2033 E<\/p>\n<\/div><\/div>\n\n\n\n<p><\/p>\n\n\n\n<figure class=\"wp-block-table is-style-stripes\"><table><tbody><tr><td><strong>Ordina\u010dn\u00e9 hodiny<\/strong><\/td><td><\/td><\/tr><tr><td>Pondelok<\/td><td>Pod\u013ea objednania<\/td><\/tr><tr><td>Utorok<\/td><td>Pod\u013ea objednania<\/td><\/tr><tr><td>Streda<\/td><td>Pod\u013ea objednania<\/td><\/tr><tr><td>\u0160tvrtok<\/td><td>Pod\u013ea objednania<\/td><\/tr><tr><td>Piatok<\/td><td>Pod\u013ea objednania<\/td><\/tr><tr><td>Sobota<\/td><td> &#8211; <\/td><\/tr><tr><td>Nedela<\/td><td> &#8211; <\/td><\/tr><\/tbody><\/table><\/figure>\n\n\n\n<p><\/p>\n","protected":false},"excerpt":{"rendered":"<p>Ambulancia sa nach\u00e1dza na pr\u00edzem\u00ed,v \u017eltom 8 \u2013 poschodovom dome oproti Domu kult\u00fary. Pod z\u00e1hradami 6484102 Bratislava tel.: 6446 1809 mobil:+421-911-978-458 GPS s\u00faradnice:48\u00b0 11\u2032 17,49\u2033 N17\u00b0 2\u2032 5.42\u2033 E Ordina\u010dn\u00e9 hodiny Pondelok Pod\u013ea objednania Utorok Pod\u013ea objednania Streda Pod\u013ea objednania \u0160tvrtok Pod\u013ea objednania Piatok Pod\u013ea objednania Sobota &#8211; Nedela &#8211;<\/p>\n","protected":false},"author":1,"featured_media":0,"parent":0,"menu_order":0,"comment_status":"closed","ping_status":"closed","template":"","meta":{"_monsterinsights_skip_tracking":false,"_monsterinsights_sitenote_active":false,"_monsterinsights_sitenote_note":"","_monsterinsights_sitenote_category":0,"ngg_post_thumbnail":0,"footnotes":""},"class_list":["post-40","page","type-page","status-publish","hentry","no-thumb"],"yoast_head":"<!-- This site is optimized with the Yoast SEO plugin v20.8 - https:\/\/yoast.com\/wordpress\/plugins\/seo\/ -->\n<title>Kontakt - Antaldent<\/title>\n<meta name=\"robots\" content=\"index, follow, max-snippet:-1, max-image-preview:large, max-video-preview:-1\" \/>\n<link rel=\"canonical\" href=\"https:\/\/www.antaldent.sk\/stomatologia\/?page_id=40\" \/>\n<meta property=\"og:locale\" content=\"sk_SK\" \/>\n<meta property=\"og:type\" content=\"article\" \/>\n<meta property=\"og:title\" content=\"Kontakt - Antaldent\" \/>\n<meta property=\"og:description\" content=\"Ambulancia sa nach\u00e1dza na pr\u00edzem\u00ed,v \u017eltom 8 \u2013 poschodovom dome oproti Domu kult\u00fary. Pod z\u00e1hradami 6484102 Bratislava tel.: 6446 1809 mobil:+421-911-978-458 GPS s\u00faradnice:48\u00b0 11\u2032 17,49\u2033 N17\u00b0 2\u2032 5.42\u2033 E Ordina\u010dn\u00e9 hodiny Pondelok Pod\u013ea objednania Utorok Pod\u013ea objednania Streda Pod\u013ea objednania \u0160tvrtok Pod\u013ea objednania Piatok Pod\u013ea objednania Sobota &#8211; Nedela &#8211;\" \/>\n<meta property=\"og:url\" content=\"https:\/\/www.antaldent.sk\/stomatologia\/?page_id=40\" \/>\n<meta property=\"og:site_name\" content=\"Antaldent\" \/>\n<meta property=\"article:modified_time\" content=\"2023-06-05T07:10:38+00:00\" \/>\n<meta property=\"og:image\" content=\"https:\/\/www.antaldent.sk\/stomatologia\/wp-content\/uploads\/2021\/04\/kontakt1.jpg\" \/>\n<meta name=\"twitter:card\" content=\"summary_large_image\" \/>\n<meta name=\"twitter:label1\" content=\"Predpokladan\u00fd \u010das \u010d\u00edtania\" \/>\n\t<meta name=\"twitter:data1\" content=\"1 min\u00fata\" \/>\n<script type=\"application\/ld+json\" class=\"yoast-schema-graph\">{\"@context\":\"https:\/\/schema.org\",\"@graph\":[{\"@type\":\"WebPage\",\"@id\":\"https:\/\/www.antaldent.sk\/stomatologia\/?page_id=40\",\"url\":\"https:\/\/www.antaldent.sk\/stomatologia\/?page_id=40\",\"name\":\"Kontakt - Antaldent\",\"isPartOf\":{\"@id\":\"https:\/\/www.antaldent.sk\/stomatologia\/#website\"},\"datePublished\":\"2021-04-21T14:54:30+00:00\",\"dateModified\":\"2023-06-05T07:10:38+00:00\",\"breadcrumb\":{\"@id\":\"https:\/\/www.antaldent.sk\/stomatologia\/?page_id=40#breadcrumb\"},\"inLanguage\":\"sk-SK\",\"potentialAction\":[{\"@type\":\"ReadAction\",\"target\":[\"https:\/\/www.antaldent.sk\/stomatologia\/?page_id=40\"]}]},{\"@type\":\"BreadcrumbList\",\"@id\":\"https:\/\/www.antaldent.sk\/stomatologia\/?page_id=40#breadcrumb\",\"itemListElement\":[{\"@type\":\"ListItem\",\"position\":1,\"name\":\"Home\",\"item\":\"https:\/\/www.antaldent.sk\/stomatologia\/\"},{\"@type\":\"ListItem\",\"position\":2,\"name\":\"Kontakt\"}]},{\"@type\":\"WebSite\",\"@id\":\"https:\/\/www.antaldent.sk\/stomatologia\/#website\",\"url\":\"https:\/\/www.antaldent.sk\/stomatologia\/\",\"name\":\"Antaldent\",\"description\":\"stomatologick\u00e1 ambulancia\",\"potentialAction\":[{\"@type\":\"SearchAction\",\"target\":{\"@type\":\"EntryPoint\",\"urlTemplate\":\"https:\/\/www.antaldent.sk\/stomatologia\/?s={search_term_string}\"},\"query-input\":\"required name=search_term_string\"}],\"inLanguage\":\"sk-SK\"}]}<\/script>\n<!-- \/ Yoast SEO plugin. -->","yoast_head_json":{"title":"Kontakt - Antaldent","robots":{"index":"index","follow":"follow","max-snippet":"max-snippet:-1","max-image-preview":"max-image-preview:large","max-video-preview":"max-video-preview:-1"},"canonical":"https:\/\/www.antaldent.sk\/stomatologia\/?page_id=40","og_locale":"sk_SK","og_type":"article","og_title":"Kontakt - Antaldent","og_description":"Ambulancia sa nach\u00e1dza na pr\u00edzem\u00ed,v \u017eltom 8 \u2013 poschodovom dome oproti Domu kult\u00fary. Pod z\u00e1hradami 6484102 Bratislava tel.: 6446 1809 mobil:+421-911-978-458 GPS s\u00faradnice:48\u00b0 11\u2032 17,49\u2033 N17\u00b0 2\u2032 5.42\u2033 E Ordina\u010dn\u00e9 hodiny Pondelok Pod\u013ea objednania Utorok Pod\u013ea objednania Streda Pod\u013ea objednania \u0160tvrtok Pod\u013ea objednania Piatok Pod\u013ea objednania Sobota &#8211; Nedela &#8211;","og_url":"https:\/\/www.antaldent.sk\/stomatologia\/?page_id=40","og_site_name":"Antaldent","article_modified_time":"2023-06-05T07:10:38+00:00","og_image":[{"url":"https:\/\/www.antaldent.sk\/stomatologia\/wp-content\/uploads\/2021\/04\/kontakt1.jpg"}],"twitter_card":"summary_large_image","twitter_misc":{"Predpokladan\u00fd \u010das \u010d\u00edtania":"1 min\u00fata"},"schema":{"@context":"https:\/\/schema.org","@graph":[{"@type":"WebPage","@id":"https:\/\/www.antaldent.sk\/stomatologia\/?page_id=40","url":"https:\/\/www.antaldent.sk\/stomatologia\/?page_id=40","name":"Kontakt - Antaldent","isPartOf":{"@id":"https:\/\/www.antaldent.sk\/stomatologia\/#website"},"datePublished":"2021-04-21T14:54:30+00:00","dateModified":"2023-06-05T07:10:38+00:00","breadcrumb":{"@id":"https:\/\/www.antaldent.sk\/stomatologia\/?page_id=40#breadcrumb"},"inLanguage":"sk-SK","potentialAction":[{"@type":"ReadAction","target":["https:\/\/www.antaldent.sk\/stomatologia\/?page_id=40"]}]},{"@type":"BreadcrumbList","@id":"https:\/\/www.antaldent.sk\/stomatologia\/?page_id=40#breadcrumb","itemListElement":[{"@type":"ListItem","position":1,"name":"Home","item":"https:\/\/www.antaldent.sk\/stomatologia\/"},{"@type":"ListItem","position":2,"name":"Kontakt"}]},{"@type":"WebSite","@id":"https:\/\/www.antaldent.sk\/stomatologia\/#website","url":"https:\/\/www.antaldent.sk\/stomatologia\/","name":"Antaldent","description":"stomatologick\u00e1 ambulancia","potentialAction":[{"@type":"SearchAction","target":{"@type":"EntryPoint","urlTemplate":"https:\/\/www.antaldent.sk\/stomatologia\/?s={search_term_string}"},"query-input":"required name=search_term_string"}],"inLanguage":"sk-SK"}]}},"_links":{"self":[{"href":"https:\/\/www.antaldent.sk\/stomatologia\/index.php?rest_route=\/wp\/v2\/pages\/40","targetHints":{"allow":["GET"]}}],"collection":[{"href":"https:\/\/www.antaldent.sk\/stomatologia\/index.php?rest_route=\/wp\/v2\/pages"}],"about":[{"href":"https:\/\/www.antaldent.sk\/stomatologia\/index.php?rest_route=\/wp\/v2\/types\/page"}],"author":[{"embeddable":true,"href":"https:\/\/www.antaldent.sk\/stomatologia\/index.php?rest_route=\/wp\/v2\/users\/1"}],"replies":[{"embeddable":true,"href":"https:\/\/www.antaldent.sk\/stomatologia\/index.php?rest_route=%2Fwp%2Fv2%2Fcomments&post=40"}],"version-history":[{"count":5,"href":"https:\/\/www.antaldent.sk\/stomatologia\/index.php?rest_route=\/wp\/v2\/pages\/40\/revisions"}],"predecessor-version":[{"id":140,"href":"https:\/\/www.antaldent.sk\/stomatologia\/index.php?rest_route=\/wp\/v2\/pages\/40\/revisions\/140"}],"wp:attachment":[{"href":"https:\/\/www.antaldent.sk\/stomatologia\/index.php?rest_route=%2Fwp%2Fv2%2Fmedia&parent=40"}],"curies":[{"name":"wp","href":"https:\/\/api.w.org\/{rel}","templated":true}]}}